
Let p(o) = -3*o - 4. Let h be p(-3). Suppose -h*w - 20 = -55. What is the units digit of w?
7
Suppose -z - 1196 + 4620 = 3*i, -2*i - 10327 = -3*z. What is the hundreds digit of z?
4
What is the hundreds digit of -4*(-3)/18*1857?
2
What is the hundreds digit of (-57475)/(-57) + (-2)/6?
0
Suppose 4*c - n = 158, -5*n + 0*n - 10 = 0. Suppose -5*z + 2*j + 11 + 9 = 0, -3*z + 26 = -4*j. Suppose z*f - c = 11. What is the tens digit of f?
2
Let a = 1886 - 533. What is the units digit of a?
3
Suppose 11*h + 3*h = 8302. What is the units digit of h?
3
Let b = -10 - -11. Suppose b = 6*d - 23. Suppose y - 105 = -d*y. What is the tens digit of y?
2
Suppose -16 = 3*c + 2. Let u(y) = y**2 + 8*y + 9. Let t be u(c). What is the tens digit of (0 - 1)/(t/45)?
1
Let y(h) = -h**3 - 5*h**2 + 10*h + 3. Suppose -w - 7 = 1. Let k be y(w). Suppose 6*p + k = 11*p. What is the tens digit of p?
2
Suppose 8*k = 10*k - 134. What is the tens digit of k?
6
Let p = -64 + 408. What is the tens digit of p?
4
Suppose -5*o = 4*l - 96, 2*o = 4*l - 12 - 112. Let a be 50/3 + (3 - 16/6). Let h = l - a. What is the units digit of h?
2
Let f(o) = -o**3 + 22*o**2 - 3*o + 45. Let t be f(22). Let s = 23 - t. What is the units digit of s?
4
Let m(k) = k**2 + 2*k - 26. Let a(g) = -g**2 + 4*g - 3. Let n be a(5). What is the tens digit of m(n)?
2
Suppose -42851 = -40*y + 18749. What is the units digit of y?
0
Suppose -8 + 93 = 5*l. Suppose 0*w + t = -w + 12, w - l = -2*t. What is the units digit of w?
7
Let m = -89 + 639. What is the units digit of m?
0
Let a(t) = -t - 8. Let x be a(-11). Suppose -2*g + 19 = 2*h - 49, -g = x*h - 28. What is the tens digit of g?
3
Let x be -1*-1*22 - -4. Let q = 87 - x. What is the units digit of q?
1
Let y = 12 + 5. Suppose -3*v + y = l + v, 55 = 2*l + v. What is the units digit of l?
9
Let g be (-3 + -2 - -1) + 0. Let p = g + 11. Suppose -2*x - 23 = -h - 7*x, h = -x + p. What is the units digit of h?
3
What is the hundreds digit of 9/24 - 1/(-8)*21829?
7
Let z(v) be the second derivative of v**5/20 + v**4/2 + v**2 + 2*v. Let f be z(-6). What is the units digit of (-8 + 2)/(f/(-8))?
4
Suppose 4*y + 4*m - 2 - 6 = 0, 0 = -m - 3. Suppose -y*u = -14 - 61. What is the units digit of u?
5
Let j = 62 + -29. Let v(n) = -2*n - j*n - 23*n + 6*n - 1. What is the tens digit of v(-1)?
5
Suppose -3*k + 2*d = 2 + 1, -1 = k - 5*d. Let g(u) = 47*u**2 - u - 1. Let s be g(k). Suppose -2*x + 4*p = 3*x - 53, 5*x - p = s. What is the units digit of x?
9
Let t = 9 - 8. Let k be (-16 - -8)/(t/(-12)). Suppose 2*d = 6*d - k. What is the tens digit of d?
2
Let v(t) = -17*t**3 + 5*t**2 + 11*t + 10. What is the hundreds digit of v(-3)?
4
Let z(v) = 23*v - 28. Suppose -13 = -4*x + 7, 0 = 5*w + 3*x - 90. What is the tens digit of z(w)?
1
Suppose 2*v - 1115 = -255. What is the hundreds digit of v?
4
Let t = 240 + -167. What is the tens digit of t?
7
Suppose 2037 = -5*r + 8*r. What is the units digit of r?
9
Suppose 0 = 4*h - 4, -3*j + 2*h + 0*h = -1177. What is the hundreds digit of j?
3
Let c(v) = -3*v**2 - 53*v - 112. What is the units digit of c(-15)?
8
Let t(b) = -3*b**2 - 3*b + 2. Let n be t(-3). Let w be 18/(-12)*n/(-6). Let d = w + 9. What is the units digit of d?
5
Suppose -3*m + 318 = 3*i, -4*i = -3*m - 0*i + 283. What is the tens digit of m?
0
Let s be -1*(-10)/(-4)*-2. Let k(t) = 0*t - s*t + 18 + 14*t**2 + 3*t + t**3. What is the tens digit of k(-14)?
4
Suppose 0 = 9*g - 7*g + 2*y - 1314, 2622 = 4*g - 2*y. What is the units digit of g?
6
Suppose -f + 3 + 9 = 3*d, d + 6 = 3*f. Suppose -4*v - 80 = -432. Suppose -4*b = 4*p - v, -5*p = d*b + 84 - 204. What is the tens digit of p?
2
Suppose m - 25 = -5*f - 4*m, 0 = 5*m + 25. Suppose -3*s + o = -f, -2*s - o = 3*s - 14. What is the units digit of s?
3
Let x = -71 - -250. Let k = x - 93. What is the tens digit of k?
8
Let k(o) = 19*o**2 + 5*o - 18. What is the tens digit of k(-5)?
3
Let x = -135 - -339. Suppose x = 3*v - r, -4*r = v - 0*r - 81. Let k = 100 - v. What is the units digit of k?
1
Let x be 2/10 - (-7056)/120. Suppose -376 = -5*q + n + x, 4*n = 20. What is the units digit of q?
8
Let u(f) = f**3 + f**2 + 16. Let n be u(0). Suppose -100 = 12*h - n*h. What is the units digit of h?
5
Let f = 593 + -359. What is the units digit of f?
4
Let y = 204 - -372. What is the units digit of y?
6
Let m(y) = -15*y - 28. Let n be m(-28). Suppose 3*u + 388 = 3*l + u, 3*l - n = -2*u. What is the units digit of l?
0
Let r(d) = -5*d + 2*d**2 + d**3 + 17 + 8*d**2 + 0*d**3. What is the units digit of r(-9)?
3
Let s be (-2 - -7)/(15/(-45)). Let l = 202 + s. What is the units digit of l?
7
Suppose -4 = -4*j, -173 = -5*v - j + 93. Suppose 5*a = k - v, -152 = k - 5*k + 5*a. Let p = 102 - k. What is the units digit of p?
9
Suppose 0 = 4*k + 2*f - 6022, 2*k - 690 = -3*f + 2327. What is the units digit of k?
4
Suppose -3*x - 9 = 0, 5*j + 27*x - 23*x - 4108 = 0. What is the units digit of j?
4
Suppose 5*k + 1 = 5*u - 4, -2*k = -3*u + 7. Suppose 0*g - 389 = -k*g + t, 0 = -3*g + t + 293. What is the units digit of g?
6
What is the tens digit of 7/(-14) - 1220/(-8)?
5
Suppose 2*y - 83 = 67. What is the units digit of y?
5
Suppose -47*z = -41*z - 1794. What is the units digit of z?
9
Let k = 4176 - 1731. What is the thousands digit of k?
2
Suppose 2*f + 3*k - 2*k = 1, 5*f - 9 = 4*k. What is the tens digit of (-4)/(-22) - (1844/(-22) - f)?
8
What is the tens digit of (-2 - 0) + 2 - (1 + -2516)?
1
Suppose 0 = -a - 0 + 4. Suppose -3*t + p = -898, -37*t + 2*p - 1504 = -42*t. Suppose -a*k + t = k. What is the tens digit of k?
6
Let r(i) = -i**2 + 25*i + 33. Let x be r(26). What is the tens digit of (x/(-14))/(3/(-1332))?
2
What is the hundreds digit of 148736/40 - 24/(-40)?
7
What is the units digit of ((-41973)/68)/(2/(-8))?
9
Suppose -p - 5*p = -96. What is the tens digit of p?
1
Let l(y) = -3 + 17*y**2 - 19 - 3 - 2*y**3 + 18*y + 9. What is the hundreds digit of l(8)?
1
Let j(b) = -8*b + 3. Let y be j(-1). Suppose 0 = -y*z + 317 + 959. What is the hundreds digit of z?
1
Let o be (49/14)/((-4)/(-1472)). Suppose 0 = 10*k - 1992 - o. What is the hundreds digit of k?
3
Suppose -5*q = -6*q + 195. What is the tens digit of q?
9
Let c(r) = 2*r + 18. Let o be c(-5). Let s(y) = -y**3 + 9*y**2 + y + 2. What is the units digit of s(o)?
4
Let b = 1740 + -1580. What is the hundreds digit of b?
1
Let f = 4 - -87. Let b = -36 + f. What is the tens digit of b?
5
Let q(s) = 8*s - 35. Let o be q(5). Let m(h) be the second derivative of h**5/20 - 5*h**4/12 + 2*h**3/3 + h**2 - 2*h. What is the units digit of m(o)?
2
Let l(u) = -u**3 - 18*u**2 - 2*u - 14. What is the hundreds digit of l(-19)?
3
Suppose -16 = -2*j - 3*r, 3*j + 9*r - 4*r - 24 = 0. Suppose m + j = 54. What is the tens digit of m?
4
Let z = -22 + 49. What is the units digit of z?
7
Let v(u) = u**2 + 11*u + 17. Let y be v(-8). Let q(h) = h**3 + 8*h**2 - 4*h - 3. What is the units digit of q(y)?
4
Let u(d) = d**2 - 8*d - 5. Let k be u(9). Suppose k*o - 1 = 95. Suppose p = -0*p + o. What is the tens digit of p?
2
Suppose -6*l + 2*l + 3488 = 4*s, -5*l - 3*s + 4366 = 0. What is the tens digit of l?
7
Suppose 0 = -s - 3*h - 14 + 111, -4*h = 2*s - 196. Let t = s - 40. What is the units digit of t?
0
Let d(c) = -5*c**3 + c**2 - 3*c - 1. Let h be 1/6 - 357/(-18). Suppose -5*g + 3*i = -2, -4*g + 0*i = 3*i + h. What is the units digit of d(g)?
9
Let x be 6 + -6*5/10. Suppose -u - 2*z + 0*z = -86, 0 = 2*u - x*z - 172. What is the tens digit of u?
8
Let z be (-1 - -1)/(5 + -3). Suppose -4*a - 1 + 17 = z. Suppose -a*l + 65 = 2*t + l, -5*t + 4*l + 113 = 0. What is the tens digit of t?
2
Suppose 0*f + 7*f = 21. Let v = 2 + 0. Suppose -2*l - v = -l - 4*z, 3*z + f = l. What is the tens digit of l?
1
Let p(v) = -254*v - 923. What is the hundreds digit of p(-18)?
6
Suppose 9*m = 6*m + 30. Suppose -2*d - 3*d = -m. Suppose d*h - 23 = h. What is the units digit of h?
3
Let z(u) = -2*u**2 - 7*u + 8. Let n be z(-5). Let c(i) = -51*i - 44. What is the tens digit of c(n)?
1
Let d(j) = 8*j**2 + 8*j - 4. Let n = -133 - -127. What is the units digit of d(n)?
6
Let f(z) be the second derivative of z**3/6 + 7*z**2/2 - z. Suppose -b = 4*o - 23, 3*b - 2*o = 2*o + 5. What is the units digit of f(b)?
4
Suppose -j = 4*r - 146, 116 = 3*r - 0*j + 4*j. Wha